rue
Is 93517 a composite number?
True
Is 104417 a prime number?
True
Is 2352761 a composite number?
False
Is 315199 a prime number?
True
Is 11959 prime?
True
Is 350963 prime?
True
Is 2734835 prime?
False
Is 181157 a composite number?
False
Is 17327 composite?
False
Is 884789 prime?
True
Is 762213 a prime number?
False
Is 15727 prime?
True
Is 20507 composite?
False
Is 379 composite?
False
Is 35521 composite?
False
Is 419 composite?
False
Is 1155781 prime?
False
Is 131245 composite?
True
Is 40453 a composite number?
True
Is 29789 composite?
False
Is 9091 a composite number?
False
Is 3611 a composite number?
True
Is 24646 a prime number?
False
Is 1145 prime?
False
Is 811823 a composite number?
True
Is 111131 composite?
True
Is 34247 composite?
True
Is 3793 prime?
True
Is 674279 composite?
True
Is 3494 prime?
False
Is 32903 prime?
False
Is 2465327 a composite number?
False
Is 6103 a composite number?
True
Is 1327 a composite number?
False
Is 305837 a prime number?
False
Is 10649095 composite?
True
Is 47339 a prime number?
True
Is 184799 composite?
True
Is 14447 composite?
False
Is 72679 prime?
True
Is 505871 prime?
True
Is 1777 a prime number?
True
Is 8459 prime?
False
Is 147817 composite?
True
Is 68171 a prime number?
True
Is 240979 prime?
False
Is 303409 prime?
True
Is 42505 a composite number?
True
Is 1849037 a prime number?
True
Is 67189 a prime number?
True
Is 1797617 a prime number?
True
Is 789027 a composite number?
True
Is 43427 prime?
True
Is 33403 composite?
False
Is 55741 a composite number?
True
Is 192274 composite?
True
Is 1081 composite?
True
Is 43154 a composite number?
True
Is 10289 composite?
False
Is 1281029 a prime number?
True
Is 201101 a prime number?
True
Is 50413 composite?
True
Is 7639 a composite number?
False
Is 12563 composite?
True
Is 1247 prime?
False
Is 16613 prime?
False
Is 2091739 a prime number?
False
Is 32957 composite?
False
Is 5981 prime?
True
Is 44287 composite?
True
Is 5731 a prime number?
False
Is 106591 composite?
False
Is 1151519 prime?
True
Is 2119 composite?
True
Is 4665451 a prime number?
False
Is 1595417 composite?
False
Is 74915 a composite number?
True
Is 15419 a composite number?
True
Is 515986 a prime number?
False
Is 21403 composite?
True
Is 14759 prime?
True
Is 30211 a prime number?
True
Is 2429 prime?
False
Is 2179 prime?
True
Is 8357 composite?
True
Is 73909 a prime number?
False
Is 1144099 prime?
False
Is 26921 a prime number?
True
Is 5581 composite?
False
Is 14971 composite?
True
Is 1409 prime?
True
Is 352441 composite?
False
Is 606421 prime?
False
Is 14689 a prime number?
False
Is 5387 a composite number?
False
Is 28949 a composite number?
False
Is 243449 a composite number?
True
Is 567401 composite?
False
Is 5003227 a composite number?
False
Is 1199069 composite?
False
Is 75011 a composite number?
False
Is 1406011 prime?
True
Is 16499 composite?
True
Is 7433 composite?
False
Is 16945 a prime number?
False
Is 73099 a prime number?
False
Is 4861 prime?
True
Is 19797 a composite number?
True
Is 13259 composite?
False
Is 96814 composite?
True
Is 5777 a prime number?
False
Is 345637 prime?
True
Is 180811 a composite number?
False
Is 93185 prime?
False
Is 42887 a composite number?
True
Is 8003 composite?
True
Is 611681 prime?
False
Is 161677 a prime number?
False
Is 137533 a prime number?
False
Is 37747 a prime number?
True
Is 538771 composite?
False
Is 161 a composite number?
True
Is 17273 composite?
True
Is 29473 prime?
True
Is 38167 a prime number?
True
Is 150767 a prime number?
True
Is 5549 a prime number?
False
Is 16442 prime?
False
Is 26561 composite?
False
Is 27733 composite?
False
Is 514 a composite number?
True
Is 4001 a prime number?
True
Is 75914 prime?
False
Is 40163 a prime number?
True
Is 71189 a prime number?
False
Is 14 a prime number?
False
Is 45361 a composite number?
False
Is 39067 a composite number?
True
Is 1623 prime?
False
Is 30103 a prime number?
True
Is 557 a composite number?
False
Is 8509 a prime number?
False
Is 202817 a composite number?
False
Is 116069 composite?
True
Is 2155 prime?
False
Is 254 a prime number?
False
Is 1382449 a prime number?
True
Is 396997 a composite number?
False
Is 12515 a composite number?
True
Is 17783 composite?
False
Is 141793 prime?
True
Is 14591 a prime number?
True
Is 149749 composite?
False
Is 22733 a composite number?
True
Is 9357 a composite number?
True
Is 2579 a prime number?
True
Is 55493 a composite number?
True
Is 66221 prime?
True
Is 145583 composite?
True
Is 125863 a prime number?
True
Is 2579 prime?
True
Is 29473 a prime number?
True
Is 38359 a composite number?
True
Is 958 a composite number?
True
Is 607471 prime?
True
Is 14429 a composite number?
True
Is 761773 prime?
True
Is 24391 composite?
False
Is 38359 a composite number?
True
Is 1191821 a prime number?
True
Is 207227 prime?
True
Is 7639 composite?
False
Is 470539 composite?
False
Is 383029 prime?
True
Is 280613 a composite number?
False
Is 13241 composite?
False
Is 143287 a prime number?
True
Is 17011 a composite number?
False
Is 3571 composite?
False
Is 1459 a prime number?
True
Is 498061 a prime number?
True
Is 626774 prime?
False
Is 55 a composite number?
True
Is 283909 prime?
True
Is 36037 composite?
False
Is 80723 a prime number?
False
Is 40909 a composite number?
True
Is 46171 prime?
True
Is 894515 composite?
True
Is 1908077 composite?
False
Is 21363 prime?
False
Is 9365 prime?
False
Is 891295 a prime number?
False
Is 1642241 composite?
True
Is 7837 a prime number?
False
Is 137899 a prime number?
False
Is 5431 a prime number?
True
Is 446003 prime?
True
Is 11589 a prime number?
False
Is 333407 a prime number?
False
Is 113717 a composite number?
False
Is 156059 prime?
True
Is 2249581 prime?
False
Is 540049 prime?
False
Is 6463 prime?
False
Is 7759 a prime number?
True
Is 15163 a prime number?
False
Is 190207 a prime number?
True
Is 12982 prime?
False
Is 502057 composite?
False
Is 10973 composite?
False
Is 7737 a composite number?
True
Is 11477 prime?
False
Is 27323 prime?
False
Is 60859 composite?
False
Is 27127 a prime number?
True
Is 36265 a composite number?
True
Is 1836443 composite?
True
Is 48073 composite?
False
Is 211559 a composite number?
False
Is 2633 prime?
True
Is 17291 prime?
True
Is 3763855 a prime number?
False
Is 98885 prime?
False
Is 50671 a prime number?
True
Is 10877 a composite number?
True
Is 8189 a composite number?
True
Is 3961 a composite number?
True
Is 148279 a composite number?
False
Is 13643 a prime number?
False
Is 158839 a composite number?
True
Is 7631 a prime number?
False
Is 16151 composite?
True
Is 31918 composite?
True
Is 23 composite?
False
Is 4765 a composite number?
True
Is 257857 a prime number?
True
Is 167291 a prime number?
False
Is 111317 a composite number?
False
Is 1976819 prime?
False
Is 147053 composite?
True
Is 605723 composite?
True
Is 823773 prime?
False
Is 251 prime?
True
Is 1951055 a prime number?
False
Is 110869 composite?
True
Is 48931 a composite number?
True
Is 1964033 a prime number?
True
Is 109121 a composite number?
False
Is 16271 a prime number?
False
Is 2587 a prime number?
False
Is 192059 prime?
False
Is 63134 a prime number?
False
Is 93169 composite?
False
Is 3258029 prime?
True
Is 138857 a prime number?
False
Is 160681 a prime number?
True
Is 317827 a composite number?
False
Is 8209 a prime number?
True
Is 1180219 a prime number?
True
Is 4201 a prime number?
True
Is 40693 a prime number?
True
Is 30547 composite?
True
Is 8143 prime?
False
Is 62273 composite?
False
Is 2059 prime?
False
Is 912167 composite?
False
Is 67333 prime?
False
Is 65639 prime?
False
Is 1399703 a composite number?
True
Is 40294 a composite number?
True
Is 147809 prime?
False
Is 2869943 composite?
False
Is 23591 composite?
True
Is 29789 prime?
True
Is 192317 prime?
True
Is 2579 a prime number?
True
Is 4319 a composite number?
True
Is 468187 prime?
True
Is 1383 a prime number?
False
Is 69539 composite?
False
Is 482921 a prime number?
False
Is 937123 prime?
False
Is 22531 a prime number?
True
Is 93359 composite?
True
Is 148939 a composite number?
True
Is 171467 prime?
True
Is 27397 a composite number?
False
Is 2166113 composite?
False
Is 194858 a prime number?
False
Is 893905 a composite number?
True
Is 51902 prime?
False
Is 928654 c